= -3*q + 4*q. Let p(h) = 22*h + 7. Let i be p(q). Calculate the remainder when (i/6)/(6/16) is divided by 18.
16
Suppose 15 = -7*z + 225. Calculate the remainder when z is divided by 11.
8
Suppose -2*g = -o + 15, o - g - 11 = 3*g. Calculate the remainder when 56 is divided by o.
18
Let a = -29 - -21. Let t(c) = 2*c**2 + 13*c + 10. Suppose -x + 3 = -15. What is the remainder when t(a) is divided by x?
16
Suppose 0 = 5*d - 102 - 53. Let m = d + -17. Calculate the remainder when m is divided by 5.
4
Let s = 42 - 14. Suppose -3*z - 18 + 66 = 0. Calculate the remainder when s is divided by z.
12
Suppose -3*o - 2*o = 165. Let f be o + 5/(5/2). Let y = -12 - f. What is the remainder when y is divided by 10?
9
Let f = 14 + -7. Suppose 4 = -4*s + 20. Suppose s*b - 33 - 43 = 0. Calculate the remainder when b is divided by f.
5
Let g(d) = d. Let n be g(4). Suppose -3*t = -4*z + 22, -z + 2 = n*t + 6. What is the remainder when 25 is divided by 8 - (t/2)/1?
7
Suppose 5*s - 3*s = 8. Let n(j) = -j. Let w(a) = -12*a + 2. Let k(g) = 5*n(g) - w(g). What is the remainder when k(s) is divided by 14?
12
Let s(z) = 2*z**2 + z - z**2 - 3*z + 2. Let b = -6 + 2. Calculate the remainder when 50 is divided by s(b).
24
Suppose -293 + 117 = -4*y. Let m = 13 - -2. What is the remainder when y is divided by m?
14
Let d = -11 - -10. Let x = 3 - d. Calculate the remainder when 11 is divided by x.
3
Let j = -75 - -112. Let l = 4 - 1. Suppose -q = -4*h - h - j, -63 = -4*q + l*h. What is the remainder when 34 is divided by q?
10
Let c be -3 - (12/(-1) + -1). Let l = 15 - c. What is the remainder when 18 is divided by l?
3
Let z = -4 + 9. Let n(s) = 6*s - 7*s + 0*s + 2*s + 1. What is the remainder when n(12) is divided by z?
3
What is the remainder when 45 + (0/(-1) - 1*-3) is divided by 17?
14
Let l be 3/((-2)/4*-3). Suppose -60 = -h - l*h. Suppose 4*r - h = 48. Calculate the remainder when r is divided by 9.
8
Let y = -1 + 7. Let r = 13 - y. Calculate the remainder when 4/12 - 35/(-3) is divided by r.
5
Let l(r) = r**2 - r + 3. Let m be l(3). Let s = m - 2. Calculate the remainder when 11 is divided by s.
4
Calculate the remainder when 169 is divided by (3 + 0)*(-102)/(-9).
33
Let q(i) = i**3 + 1 + 2 + 0 + 0 - 6*i**2 + 6*i. Calculate the remainder when q(6) is divided by 14.
11
Let l = 7 - 4. Calculate the remainder when 3 is divided by l.
0
Let k(l) = -3*l - 35. Calculate the remainder when 43 is divided by k(-19).
21
Let t be 10/10*(4 + 1). Suppose 299 = t*z + 114. Let p(g) = -4*g - 7. What is the remainder when z is divided by p(-5)?
11
Suppose 5*n = n. Suppose 2*d = -n*d. Suppose -2*z + z + 34 = d. What is the remainder when z is divided by 12?
10
Let n = -6 - -6. Suppose -t + 5*i - 10 = 0, 4*t + i - 2 = -n. Suppose t = -6*k + 2*k + 40. What is the remainder when 18 is divided by k?
8
Suppose -2*p = 0, -d + 8 = p + 2*p. Let y(v) = 4*v + 2*v - 1 - 3*v - 2. Calculate the remainder when y(6) is divided by d.
7
Suppose 2*c = -i + 68, c = -4*c + 15. What is the remainder when i is divided by 21?
20
Suppose 2*j = a - 38 + 7, -89 = -3*a + 4*j. What is the remainder when a is divided by 14?
13
Let d(x) = -x**2 - x - 1. Let m(f) = -8*f**2 - 5*f - 4. Let s(p) = 5*d(p) - m(p). Calculate the remainder when s(-1) is divided by 2.
0
Let m = 92 - 47. What is the remainder when m is divided by 10?
5
Let c(a) = a**3 + 7*a**2 + 4*a. What is the remainder when c(-4) is divided by 12?
8
Let r(n) = -n**3 - 10*n**2 - 3*n + 12. What is the remainder when r(-10) is divided by 15?
12
Let v = 3 - 6. Let j(d) = -d**3 - 5*d**2 - 3*d + 2. Let i be j(v). Let g(h) = -h**3 - 6*h**2 + 7*h + 1. Calculate the remainder when 1 is divided by g(i).
0
Let f = 5 + -3. Suppose -3*p + 64 = -f*v, -v + 77 = 4*p - 2*v. What is the remainder when 34 is divided by p?
16
Suppose 5*i - 178 = f, 2*i - f - 69 = 4. Suppose -p + 6*p = 45. What is the remainder when i is divided by p?
8
Let v(y) = y**3 + 9*y**2 + 12*y + 2. What is the remainder when 167 is divided by v(-5)?
41
Let b = 146 + -84. What is the remainder when b is divided by 22?
18
Let k be 22 - 7/(28/8). Suppose f - k = -f. Calculate the remainder when f is divided by 3.
1
Suppose 8*m - 45 = 3*m. Let s(x) = 9*x**2 - 2. What is the remainder when s(-2) is divided by m?
7
Suppose 5*c + 66 = 4*h, 0 = -5*h + c - 5*c + 103. What is the remainder when 23 is divided by h?
4
Let m(j) = 2*j + 2*j - 2*j - j + 5. Let r be m(0). Suppose -2*u + 3*f - 84 = -5*u, -r*u = -5*f - 110. Calculate the remainder when u is divided by 9.
7
Suppose 31 = 3*x - 8. Let z = 49 + 1. What is the remainder when z is divided by x?
11
Let a be ((-30)/(-18))/(1/6). Suppose -2*r + 0*r = -a. Let c = 13 + r. Calculate the remainder when 34 is divided by c.
16
Suppose -50 = -3*s + 5*b, 0 = -4*s + b + 19 + 59. Let p = -60 + 97. Calculate the remainder when p is divided by s.
17
Suppose 0 = -2*c + 5*c, -5*i + 20 = 3*c. Let r(f) = f + 5. Calculate the remainder when r(5) is divided by i.
2
Let s = 0 - -8. Let t = 16 - s. What is the remainder when t is divided by 1/(-2)*(-20)/2?
3
Suppose -24*c + 29*c = 35. Suppose -b + 0*r = 3*r - 12, 4*b + 3*r - 48 = 0. Calculate the remainder when b is divided by c.
5
Let v be 1/(-2 - 47/(-24)). Calculate the remainder when (-109)/(-4) + 6/v is divided by 10.
7
Suppose 0*d + 132 = 3*d. Suppose 0 = 2*t + 4*b - 2*b - 24, d = 3*t - b. What is the remainder when 26 is divided by t?
12
Let b(t) = t**3 + 10*t**2 + 3*t - 11. Calculate the remainder when b(-8) is divided by 24.
21
Let y(f) = -8*f - 11. Let g be y(-5). Let z = g + -19. What is the remainder when 29 is divided by z?
9
Suppose -4*f - 2*d + 0*d = -90, -3*f + 5*d + 74 = 0. What is the remainder when f is divided by 6?
5
Let d = 1406 + -772. Suppose -54 = -3*k - 0*k. What is the remainder when 18/(-81) - d/(-18) is divided by k?
17
Let u be (-482)/(-2) + (-2 - -1). Let i = 344 - u. Suppose 2*w = -2*c + 38, c = 5*w - 3*c - i. What is the remainder when w is divided by 7?
6
Let s = -16 + 16. Let z = 8 + s. What is the remainder when 31 is divided by z?
7
Let k = -20 - 91. Let g = -49 - k. Suppose 5*d = 2*j + 61, 4*d + 0*j = -5*j + g. Calculate the remainder when d is divided by 7.
6
Suppose s - 3*l = 9, -2*l + l - 11 = -s. Calculate the remainder when 34 is divided by s.
10
What is the remainder when 54 is divided by (-370)/(-20) - 1/(-2)?
16
Suppose m - 468 = -11*m. Calculate the remainder when m is divided by 11 + 0 + (-1)/1.
9
Let l(w) = -w**2 - 14*w - 17. What is the remainder when l(-12) is divided by 7?
0
What is the remainder when 15 is divided by ((-12)/10)/(9/(-60))?
7
Calculate the remainder when 44 is divided by 19 + (2 - 3) - 2.
12
Let b = 34 + -14. Suppose -22 = -3*y + 2*n, 2*y - 5*y + b = -n. What is the remainder when 11 is divided by y?
5
Let p = 10 - 5. Suppose p*d - 30 = -0*d. Let r(h) = h**2 + h - 7. Calculate the remainder when r(d) is divided by 12.
11
Let q = 26 + -18. Suppose 5*g - 3 = 4*k, 3*g + 5*k - 27 = -g. Calculate the remainder when (-1)/4 + 34/q is divided by g.
1
Let x(w) = -14*w + 10. Let k = 46 - 29. What is the remainder when x(-4) is divided by k?
15
Let p(v) = -v + 12. Let f(u) = -2*u + 11. Let z(i) = 3*f(i) - 4*p(i). Calculate the remainder when 21 is divided by z(-13).
10
Suppose -4*u = -a + 6 + 3, u + 3*a = 14. What is the remainder when 17 is divided by 9 + -2 + (u - 0)?
5
Suppose k + 9 = o, 0*k + 39 = 5*o + k. Calculate the remainder when (o + -7)/((-2)/(-38)) is divided by 7.
5
Suppose -8*v - 3*q = -5*v - 126, -2*v + 56 = -5*q. What is the remainder when v is divided by 3 - (-1 + -2) - -4?
8
Let z(t) = -6*t**2 + t. Let h be z(1). Let n = h + 21. Calculate the remainder when n is divided by 9.
7
Let v(g) = g**2 - 3*g + 1. Let i be v(4). Suppose 4*h - 5*s - 136 = 0, i*s + 103 = 3*h + s. What is the remainder when h is divided by 5/(2 - (-6)/(-4))?
9
Let v = 29 + -18. Suppose -3*k = -5*s - 43, -3*s + 2*s = -5*k + 35. Calculate the remainder when v is divided by k.
5
Let x(t) = t - 4. What is the remainder when 13 is divided by x(12)?
5
Suppose 6*a + 2*a - 456 = 0. Calculate the remainder when a is divided by 15.
12
Let x = -2 + 1. Let u(b) = 5*b**3 + 2*b + 1. Let z be u(x). Let m(n) = n**3 + 6*n**2 - 3*n - 2. Calculate the remainder when m(z) is divided by 6.
4
What is the